s the greatest common divisor of s and 18?
6
Let v(o) = o**3 + o**2. Let f(j) = -5*j**3 - 31*j**2 + 21*j + 14. Let s(k) = f(k) + 6*v(k). Let n be s(25). Calculate the greatest common divisor of 49 and n.
49
Let b(r) = -26*r - 197. Let k be b(-7). Let m be (-198)/(-24) + (k/(-4) - 4). Calculate the greatest common divisor of m and 536.
8
Let g be (-33 + 14)*4/(-6 + 2). Let i = 126 - 69. What is the highest common factor of g and i?
19
Let v = -72 + -18. Let c be ((-1)/(-2))/(535/v - -6). Let f(u) = -u + 13. Let t be f(c). Calculate the highest common factor of 4 and t.
4
Suppose 70*o + 5 = 71*o. Suppose o*u - 79 = 41. Calculate the highest common factor of 8 and u.
8
Let z(v) = -4*v**3 + 2*v**2 - 5*v - 8. Let l be z(-4). Let h = l - 292. What is the greatest common divisor of 52 and h?
4
Suppose -41 + 5 = 12*v. Let r = v - -13. Suppose -2*z + 24 = 2*z. What is the highest common factor of z and r?
2
Let l be 6/51 + 1/((-170)/(-1352160)). What is the greatest common divisor of 82 and l?
82
Suppose -2*l = -3*v + 9770, 3*v - 6*l - 9760 = -14*l. What is the greatest common divisor of v and 22?
22
Let x(m) = 170*m + 5634. Let w be x(-33). Suppose -5*i + 59 = 4*q - 44, 5*q + 5*i = 135. What is the highest common factor of w and q?
8
Let h = 5 - -69. Suppose -4*i + 78 = -h. Suppose -3*l = z - 16, 0 = -23*l + 18*l - 5. What is the greatest common factor of z and i?
19
Let l = -104 + 283. Suppose -137 + l = 7*w. Suppose -5*t - 15 = -45. Calculate the greatest common factor of t and w.
6
Let t = -594 + 330. Let x = 278 + t. Suppose 37 = 2*c - 19. Calculate the greatest common factor of c and x.
14
Suppose -11*t - t = -21*t + 18666. What is the highest common divisor of t and 244?
122
Suppose 9196 = -4*g + 9340. What is the greatest common factor of g and 3528?
36
Let p(i) = -i**2 + 10*i + 1. Let h be p(6). Let w(g) = -30*g + 677. Let f be w(18). Let l = f + h. Calculate the highest common factor of 18 and l.
18
Let n = 134 - 489. Let s = -328 - n. Calculate the highest common factor of 837 and s.
27
Let t = -90 + 93. Suppose a + 3*a = 0, -5*l - t*a + 25 = 0. Let d be 5/((-5)/l - -2). Calculate the greatest common divisor of 25 and d.
5
Suppose -1558*q - 1749 = -1569*q. Calculate the highest common divisor of 6731 and q.
53
Suppose 20*s - 25*s = -2*d - 534, 4*s - 5*d - 400 = 0. Calculate the highest common factor of s and 230.
10
Suppose 4*v + w - 5807 = 0, -3 = -4*w - 7. What is the greatest common divisor of 748 and v?
44
Suppose 4*r + 5761 - 7555 = -27*o, -4*o - 3*r = -273. Let y(h) = -32*h + 3. Let n be y(-3). Calculate the greatest common divisor of n and o.
33
Suppose -7932 + 2640 = -12*j. What is the highest common divisor of 99 and j?
9
Let y = -4332 - -4906. Calculate the greatest common factor of 112 and y.
14
Suppose -6*b = 5*b - 33. Let z be b - ((-3)/(-6) - 38/4). Let j be 4/(1/4*2). What is the greatest common divisor of j and z?
4
Let g = -91 - -94. Suppose -g*s = -92 - 286. Suppose -6*k = -9*k + s. What is the highest common factor of 56 and k?
14
Let v(c) = 3*c**2 + 13*c - 55. Let y be v(9). What is the greatest common divisor of y and 40?
5
Suppose -263*v - 303489 + 403280 = -446460. What is the highest common factor of v and 31?
31
Suppose 10*c + 1863 = -37*c + 33353. What is the highest common divisor of 30 and c?
10
Let p(q) = q**3 + 18*q**2 + 74*q + 125. Let t be p(-13). Calculate the greatest common divisor of t and 288.
8
Let v(h) = 10*h**2 - 10*h - 12. Let b be v(4). Let q = -4 - -31. What is the greatest common factor of b and q?
27
Let y be (0 - 2)*(-4)/1. Let j(n) = 2 - 7*n + 12*n + y*n + n. Let i be j(1). Calculate the highest common divisor of i and 4.
4
Let h(s) = s**2 - 4*s - 18. Let w be h(-6). Suppose -3*z = 2*u - 164, -4*z + 131 = 2*u - 89. Calculate the highest common divisor of z and w.
14
Suppose -3*a + 11 + 4 = 0. Let s be (54005/308 - (-5)/(-55)) + (-4)/16. What is the highest common factor of a and s?
5
Suppose -54 = 105*r + 471. Let v(a) be the first derivative of 2*a**3/3 + 4*a**2 - a - 1. Let p be v(r). What is the highest common factor of p and 81?
9
Let b = 322 - 311. Suppose 358 = b*u + 94. Suppose -2*z - 80 = -7*z. Calculate the greatest common divisor of u and z.
8
Let o(u) = -26*u - 24. Let d be o(-1). Suppose 5*i - 6*i + 220 = 3*t, -d*t + 135 = 3*i. Calculate the greatest common divisor of t and 5.
5
Let m be (-52)/(-14) - 28/(-98). Suppose s + 10 = h - 0, -5*s + m*h - 45 = 0. Let f be 12*(s/(-5) - -1). What is the greatest common factor of f and 96?
24
Suppose 12*d - 1 = 23. Suppose -20 = 5*l + d*a - 100, -4*a = -20. Calculate the greatest common divisor of 1162 and l.
14
Suppose 4*c = 225 + 215. Let q(x) = -26*x - 2. Let r be q(-7). Let t = r - c. Calculate the greatest common divisor of 14 and t.
14
Suppose -3*f = -25 - 53. Suppose -f + 28 = -2*b. Let j be 2 - -84 - -1*(1 - b). What is the greatest common divisor of j and 22?
22
Let o be 2400/9 - (-10)/(-30)*-4. What is the highest common divisor of 6298 and o?
134
Let s = -1923 - -2121. Calculate the greatest common factor of 342 and s.
18
Let p(y) = -2*y**3 + 18*y**2 - 16*y + 416. Let l be p(10). Let b be (-1400)/3*(-6)/2. What is the highest common factor of b and l?
56
Let t = -4576 + 5289. Calculate the greatest common divisor of t and 345.
23
Suppose -x = r - 83 - 48, -386 = -3*x + 4*r. What is the highest common factor of x and 52?
26
Suppose 5*g + r + 5 = 0, 3*r - 5*r = -5*g - 5. Let s be 1 + g - ((7 - 1) + -21). Let d = -4 - -34. Calculate the greatest common divisor of d and s.
15
Suppose 9737 = 142*d - 2164 - 6985. Calculate the greatest common divisor of 437 and d.
19
Suppose 2*m = -2*y + 2, m - 2*y - 8 = 8. Let r = m - 4. Suppose 7*u - 402 = 4*u - r*x, 4*x - 144 = -u. Calculate the greatest common divisor of u and 12.
12
Let d(l) be the second derivative of -7*l**3/3 + 93*l**2/2 - 178*l. Let b be d(6). What is the highest common divisor of 63 and b?
9
Let b = 4125 + -2290. Let h be -5 + b/35 - (-16)/28. Calculate the greatest common divisor of 128 and h.
16
Suppose 29162 + 33462 = 32*o. Calculate the greatest common factor of 412 and o.
103
Suppose 2*z = -4*l, -404 + 416 = z - 2*l. Suppose 8*g = 14*g - 288. What is the highest common divisor of g and z?
6
Let g be (-1113 + (1 - -2))/(-1) - 5. Let s be (56/(-10))/((-26)/g). What is the highest common factor of 102 and s?
34
Let c(t) = -28*t**3 + 195*t**2 + 26*t + 10. Let k be c(7). Calculate the highest common divisor of 462 and k.
11
Suppose 4*d - l = 194, 198 = 5*d - d - 3*l. Let y be (2 - (6 - 5) - 5)*-2. Suppose -y*a + 1 = -95. Calculate the highest common factor of d and a.
12
Suppose 3*s - k - 2144 = 0, 0 = s - k + 3*k - 724. What is the highest common factor of s and 895?
179
Let b = -6811 - -7338. Calculate the highest common factor of 62 and b.
31
Suppose -79821 + 79245 = -96*h. Suppose 0 = 3*o + 2*n - 25, -30 = -4*o - n - n. Suppose -31 = -4*b + o. Calculate the greatest common factor of b and h.
3
Let y = 21433 - 20613. Calculate the highest common factor of 1780 and y.
20
Suppose 74*l - 42*l - 31848 = 9720. Calculate the highest common factor of 3 and l.
3
Let g be (-3)/6*-4 - -4. Suppose 341 = 5*k + 2*o, -4*k - 142*o + 272 = -140*o. What is the greatest common factor of g and k?
3
Let i = 1770 - 1586. What is the highest common factor of 80 and i?
8
Suppose 3*q = -3, -5*w + 4*w + 12 = -5*q. Let s be 30 - (w - (5 + -3)). Calculate the greatest common divisor of 175 and s.
25
Suppose -244*n - 489073 = -2551361. Calculate the greatest common divisor of 8 and n.
4
Suppose -164780 = 9*j - 44*j. What is the greatest common factor of 44 and j?
44
Suppose -4*g = 2*k + 3938, -2079 + 6979 = -5*g + 5*k. Let r = -975 - g. What is the greatest common factor of 1304 and r?
8
Let j(g) = g**2 - 3*g - 20. Let y be j(5). Let f be (-1)/(y/75)*(73 - 1). Suppose -16*a + a = -f. What is the highest common divisor of a and 24?
12
Suppose -205*k - 9*k + 5261 - 553 = 0. Let j(p) = p**3 + 6*p**2 + 3*p + 2. Let w be j(-4). Calculate the greatest common factor of k and w.
22
Let k(o) = 218*o + 3255. Let i be k(5). What is the highest common factor of 158 and i?
79
Let x = 804 - 778. Let h(w) = w**3 + 27*w**2 - 2*w - 52. Let d be h(-27). What is the greatest common factor of d and x?
2
Suppose 7*k + 0